{"id":4726,"date":"2022-10-20T16:38:29","date_gmt":"2022-10-20T19:38:29","guid":{"rendered":"http:\/\/franfranco.com.br\/fabiane\/?page_id=4726"},"modified":"2025-03-01T20:36:19","modified_gmt":"2025-03-01T23:36:19","slug":"cursos","status":"publish","type":"page","link":"http:\/\/fabianexavier.com.br\/index.php\/cursos\/","title":{"rendered":"Cursos"},"content":{"rendered":"<div data-colibri-id=\"4726-c1\" class=\"style-1960 style-local-4726-c1 position-relative\">\r\n  <!---->\r\n  <div data-colibri-component=\"section\" data-colibri-id=\"4726-c2\" id=\"features\" class=\"h-section h-section-global-spacing d-flex align-items-lg-center align-items-md-center align-items-center style-4142 style-local-4726-c2 position-relative\">\r\n    <!---->\r\n    <!---->\r\n    <div class=\"h-section-grid-container h-section-boxed-container\">\r\n      <div data-colibri-id=\"4726-c34\" class=\"h-row-container gutters-row-lg-2 gutters-row-md-2 gutters-row-2 gutters-row-v-lg-2 gutters-row-v-md-2 gutters-row-v-2 style-4150 style-local-4726-c34 position-relative\">\r\n        <!---->\r\n        <div class=\"h-row justify-content-lg-center justify-content-md-center justify-content-center align-items-lg-stretch align-items-md-stretch align-items-stretch gutters-col-lg-2 gutters-col-md-2 gutters-col-2 gutters-col-v-lg-2 gutters-col-v-md-2 gutters-col-v-2\">\r\n          <!---->\r\n          <div class=\"h-column h-column-container d-flex h-col-lg-auto h-col-md-auto h-col-auto style-4151-outer style-local-4726-c35-outer\">\r\n            <div data-colibri-id=\"4726-c35\" class=\"d-flex h-flex-basis h-column__inner h-px-lg-2 h-px-md-2 h-px-2 v-inner-lg-2 v-inner-md-2 v-inner-2 style-4151 style-local-4726-c35 position-relative\">\r\n              <!---->\r\n              <!---->\r\n              <div class=\"w-100 h-y-container h-column__content h-column__v-align flex-basis-100 align-self-lg-start align-self-md-start align-self-start\">\r\n                <!---->\r\n                <div data-colibri-id=\"4726-c36\" class=\"h-lead h-text h-text-component style-3873 style-local-4726-c36 position-relative h-element\">\r\n                  <!---->\r\n                  <!---->\r\n                  <div class=\"\">\r\n                    <p><span style=\"color: rgb(102, 102, 102); font-family: Muli; font-size: 20px; font-weight: 300;\">Confira a lista de cursos com inscri\u00e7\u00f5es abertas:<\/span><\/p>\r\n                  <\/div>\r\n                <\/div>\r\n              <\/div>\r\n            <\/div>\r\n          <\/div>\r\n        <\/div>\r\n      <\/div>\r\n      <div data-colibri-id=\"4726-c3\" class=\"h-row-container gutters-row-lg-2 gutters-row-md-2 gutters-row-2 gutters-row-v-lg-2 gutters-row-v-md-2 gutters-row-v-2 style-4143 style-local-4726-c3 position-relative\">\r\n        <!---->\r\n        <div class=\"h-row justify-content-lg-center justify-content-md-center justify-content-center align-items-lg-stretch align-items-md-stretch align-items-stretch gutters-col-lg-2 gutters-col-md-2 gutters-col-2 gutters-col-v-lg-2 gutters-col-v-md-2 gutters-col-v-2\">\r\n          <!---->\r\n          <div class=\"h-column h-column-container d-flex h-col-lg-4 h-col-md-6 h-col-12 style-4144-outer style-local-4726-c4-outer\">\r\n            <div data-colibri-id=\"4726-c4\" class=\"d-flex h-flex-basis h-column__inner h-px-lg-0 h-px-md-0 h-px-0 v-inner-lg-0 v-inner-md-0 v-inner-0 style-4144 style-local-4726-c4 position-relative\">\r\n              <!---->\r\n              <!---->\r\n              <div class=\"w-100 h-y-container h-column__content h-column__v-align flex-basis-100 align-self-lg-start align-self-md-start align-self-start\">\r\n                <!---->\r\n                <div data-colibri-id=\"4726-c5\" class=\"d-block style-4145 style-local-4726-c5 position-relative h-element\">\r\n                  <!---->\r\n                  <div class=\"h-image__frame-container-outer\">\r\n                    <a href=\"http:\/\/fabianexavier.com.br\/index.php\/cursos\/divine-abundance\/\" target=\"_blank\" h-use-smooth-scroll=\"true\" class=\"image-link\" rel=\"noopener\">\r\n                      <div class=\"h-image__frame-container\">\r\n                        <!---->\r\n                        <!---->\r\n                        <img loading=\"lazy\" decoding=\"async\" width=\"672\" height=\"588\" src=\"http:\/\/fabianexavier.com.br\/wp-content\/uploads\/2023\/04\/2023_cursos_divine-healing-OK.jpg\" class=\"wp-image-8063 style-4145-image style-local-4726-c5-image\" alt=\"\" srcset=\"http:\/\/fabianexavier.com.br\/wp-content\/uploads\/2023\/04\/2023_cursos_divine-healing-OK.jpg 672w, http:\/\/fabianexavier.com.br\/wp-content\/uploads\/2023\/04\/2023_cursos_divine-healing-OK-300x263.jpg 300w\" sizes=\"auto, (max-width: 672px) 100vw, 672px\" \/>\r\n                        <div class=\"h-image__frame h-hide-lg h-hide-md h-hide-sm style-4145-frameImage style-local-4726-c5-frameImage\"><\/div>\r\n                      <\/div>\r\n                    <\/a>\r\n                  <\/div>\r\n                <\/div>\r\n                <div data-colibri-id=\"4726-c6\" class=\"h-global-transition-all h-heading style-4146 style-local-4726-c6 position-relative h-element\">\r\n                  <!---->\r\n                  <div class=\"h-heading__outer style-4146 style-local-4726-c6\">\r\n                    <!---->\r\n                    <!---->\r\n                    <h4 class=\"\">Divine\r\n                      <br>Abundance<\/h4>\r\n                  <\/div>\r\n                <\/div>\r\n                <div data-colibri-id=\"4726-c7\" class=\"h-x-container style-4159 style-local-4726-c7 position-relative h-element\">\r\n                  <!---->\r\n                  <div class=\"h-x-container-inner style-dynamic-4726-c7-group style-4159-spacing style-local-4726-c7-spacing\"><span class=\"h-button__outer style-4160-outer style-local-4726-c8-outer d-inline-flex h-element\"><a h-use-smooth-scroll=\"true\" href=\"http:\/\/fabianexavier.com.br\/index.php\/cursos\/divine-abundance\/\" target=\"_blank\" data-colibri-id=\"4726-c8\" class=\"d-flex w-100 align-items-center h-button justify-content-lg-center justify-content-md-center justify-content-center style-4160 style-local-4726-c8 position-relative\" rel=\"noopener\"><!----><!----> <span>Conhe\u00e7a o curso<\/span><\/a>\r\n                    <\/span>\r\n                  <\/div>\r\n                <\/div>\r\n              <\/div>\r\n            <\/div>\r\n          <\/div>\r\n          <div class=\"h-column h-column-container d-flex h-col-lg-4 h-col-md-6 h-col-12 style-4144-outer style-local-4726-c9-outer\">\r\n            <div data-colibri-id=\"4726-c9\" class=\"d-flex h-flex-basis h-column__inner h-px-lg-0 h-px-md-0 h-px-0 v-inner-lg-0 v-inner-md-0 v-inner-0 style-4144 style-local-4726-c9 position-relative\">\r\n              <!---->\r\n              <!---->\r\n              <div class=\"w-100 h-y-container h-column__content h-column__v-align flex-basis-100 align-self-lg-start align-self-md-start align-self-start\">\r\n                <!---->\r\n                <div data-colibri-id=\"4726-c10\" class=\"d-block style-4145 style-local-4726-c10 position-relative h-element\">\r\n                  <!---->\r\n                  <div class=\"h-image__frame-container-outer\">\r\n                    <div class=\"h-image__frame-container\">\r\n                      <!---->\r\n                      <!---->\r\n                      <img loading=\"lazy\" decoding=\"async\" width=\"1080\" height=\"945\" src=\"http:\/\/fabianexavier.com.br\/wp-content\/uploads\/2023\/04\/2023_Cursos-salomao.png\" class=\"wp-image-8071 style-4145-image style-local-4726-c10-image\" alt=\"\" srcset=\"http:\/\/fabianexavier.com.br\/wp-content\/uploads\/2023\/04\/2023_Cursos-salomao.png 1080w, http:\/\/fabianexavier.com.br\/wp-content\/uploads\/2023\/04\/2023_Cursos-salomao-300x263.png 300w, http:\/\/fabianexavier.com.br\/wp-content\/uploads\/2023\/04\/2023_Cursos-salomao-1024x896.png 1024w, http:\/\/fabianexavier.com.br\/wp-content\/uploads\/2023\/04\/2023_Cursos-salomao-768x672.png 768w\" sizes=\"auto, (max-width: 1080px) 100vw, 1080px\" \/>\r\n                      <div class=\"h-image__frame h-hide-lg h-hide-md h-hide-sm style-4145-frameImage style-local-4726-c10-frameImage\"><\/div>\r\n                    <\/div>\r\n                  <\/div>\r\n                <\/div>\r\n                <div data-colibri-id=\"4726-c11\" class=\"h-global-transition-all h-heading style-4146 style-local-4726-c11 position-relative h-element\">\r\n                  <!---->\r\n                  <div class=\"h-heading__outer style-4146 style-local-4726-c11\">\r\n                    <!---->\r\n                    <!---->\r\n                    <h4 class=\"\">T\u00e9cnica de Abund\u00e2ncia\r\n                      <br>Arqu\u00e9tipo do Rei Salom\u00e3o<\/h4>\r\n                  <\/div>\r\n                <\/div>\r\n                <div data-colibri-id=\"4726-c12\" class=\"h-x-container style-4159 style-local-4726-c12 position-relative h-element\">\r\n                  <!---->\r\n                  <div class=\"h-x-container-inner style-dynamic-4726-c12-group style-4159-spacing style-local-4726-c12-spacing\"><span class=\"h-button__outer style-4160-outer style-local-4726-c13-outer d-inline-flex h-element\"><a h-use-smooth-scroll=\"true\" href=\"http:\/\/fabianexavier.com.br\/index.php\/cursos\/curso-rei-salomao\/\" target=\"_blank\" data-colibri-id=\"4726-c13\" class=\"d-flex w-100 align-items-center h-button justify-content-lg-center justify-content-md-center justify-content-center style-4160 style-local-4726-c13 position-relative\" rel=\"noopener\"><!----><!----> <span>Conhe\u00e7a o curso<\/span><\/a>\r\n                    <\/span>\r\n                  <\/div>\r\n                <\/div>\r\n              <\/div>\r\n            <\/div>\r\n          <\/div>\r\n          <div class=\"h-column h-column-container d-flex h-col-lg-4 h-col-md-6 h-col-12 style-4144-outer style-local-4726-c14-outer\">\r\n            <div data-colibri-id=\"4726-c14\" class=\"d-flex h-flex-basis h-column__inner h-px-lg-0 h-px-md-0 h-px-0 v-inner-lg-0 v-inner-md-0 v-inner-0 style-4144 style-local-4726-c14 position-relative\">\r\n              <!---->\r\n              <!---->\r\n              <div class=\"w-100 h-y-container h-column__content h-column__v-align flex-basis-100 align-self-lg-start align-self-md-start align-self-start\">\r\n                <!---->\r\n                <div data-colibri-id=\"4726-c15\" class=\"d-block style-4145 style-local-4726-c15 position-relative h-element\">\r\n                  <!---->\r\n                  <div class=\"h-image__frame-container-outer\">\r\n                    <a href=\"http:\/\/fabianexavier.com.br\/index.php\/cursos\/curso-rei-salomao\/\" target=\"_blank\" h-use-smooth-scroll=\"true\" class=\"image-link\" rel=\"noopener\">\r\n                      <div class=\"h-image__frame-container\">\r\n                        <!---->\r\n                        <!---->\r\n                        <img loading=\"lazy\" decoding=\"async\" width=\"768\" height=\"672\" src=\"http:\/\/fabianexavier.com.br\/wp-content\/uploads\/2023\/04\/2023_curso-refinamento-divino.jpg\" class=\"wp-image-8059 style-4145-image style-local-4726-c15-image\" alt=\"\" srcset=\"http:\/\/fabianexavier.com.br\/wp-content\/uploads\/2023\/04\/2023_curso-refinamento-divino.jpg 768w, http:\/\/fabianexavier.com.br\/wp-content\/uploads\/2023\/04\/2023_curso-refinamento-divino-300x263.jpg 300w\" sizes=\"auto, (max-width: 768px) 100vw, 768px\" \/>\r\n                        <div class=\"h-image__frame h-hide-lg h-hide-md h-hide-sm style-4145-frameImage style-local-4726-c15-frameImage\"><\/div>\r\n                      <\/div>\r\n                    <\/a>\r\n                  <\/div>\r\n                <\/div>\r\n                <div data-colibri-id=\"4726-c16\" class=\"h-global-transition-all h-heading style-4146 style-local-4726-c16 position-relative h-element\">\r\n                  <!---->\r\n                  <div class=\"h-heading__outer style-4146 style-local-4726-c16\">\r\n                    <!---->\r\n                    <!---->\r\n                    <h4 class=\"\">Forma\u00e7\u00e3o em Terapeuta do\r\n                      <br>Refinamento Divino<\/h4>\r\n                  <\/div>\r\n                <\/div>\r\n                <div data-colibri-id=\"4726-c17\" class=\"h-x-container style-4161 style-local-4726-c17 position-relative h-element\">\r\n                  <!---->\r\n                  <div class=\"h-x-container-inner style-dynamic-4726-c17-group style-4161-spacing style-local-4726-c17-spacing\"><span class=\"h-button__outer style-4162-outer style-local-4726-c18-outer d-inline-flex h-element\"><a h-use-smooth-scroll=\"true\" href=\"http:\/\/fabianexavier.com.br\/index.php\/cursos\/curso-refinamento-divino\/\"  data-colibri-id=\"4726-c18\" class=\"d-flex w-100 align-items-center h-button justify-content-lg-center justify-content-md-center justify-content-center style-4162 style-local-4726-c18 position-relative\"><!----><!----> <span>Conhe\u00e7a o curso<\/span><\/a>\r\n                    <\/span>\r\n                  <\/div>\r\n                <\/div>\r\n              <\/div>\r\n            <\/div>\r\n          <\/div>\r\n          <div class=\"h-column h-column-container d-flex h-col-lg-4 h-col-md-6 h-col-12 style-4154-outer style-local-4726-c19-outer\">\r\n            <div data-colibri-id=\"4726-c19\" class=\"d-flex h-flex-basis h-column__inner h-px-lg-0 h-px-md-0 h-px-0 v-inner-lg-0 v-inner-md-0 v-inner-0 style-4154 style-local-4726-c19 position-relative\">\r\n              <!---->\r\n              <!---->\r\n              <div class=\"w-100 h-y-container h-column__content h-column__v-align flex-basis-100 align-self-lg-start align-self-md-start align-self-start\">\r\n                <!---->\r\n                <div data-colibri-id=\"4726-c20\" class=\"d-block style-4145 style-local-4726-c20 position-relative h-element\">\r\n                  <!---->\r\n                  <div class=\"h-image__frame-container-outer\">\r\n                    <a href=\"http:\/\/fabianexavier.com.br\/index.php\/cursos\/curso-de-reiki\/\" target=\"_blank\" h-use-smooth-scroll=\"true\" class=\"image-link\" rel=\"noopener\">\r\n                      <div class=\"h-image__frame-container\">\r\n                        <!---->\r\n                        <!---->\r\n                        <img loading=\"lazy\" decoding=\"async\" width=\"768\" height=\"672\" src=\"http:\/\/fabianexavier.com.br\/wp-content\/uploads\/2023\/04\/2023_curso-reiki.jpg\" class=\"wp-image-8060 style-4145-image style-local-4726-c20-image\" alt=\"\" srcset=\"http:\/\/fabianexavier.com.br\/wp-content\/uploads\/2023\/04\/2023_curso-reiki.jpg 768w, http:\/\/fabianexavier.com.br\/wp-content\/uploads\/2023\/04\/2023_curso-reiki-300x263.jpg 300w\" sizes=\"auto, (max-width: 768px) 100vw, 768px\" \/>\r\n                        <div class=\"h-image__frame h-hide-lg h-hide-md h-hide-sm style-4145-frameImage style-local-4726-c20-frameImage\"><\/div>\r\n                      <\/div>\r\n                    <\/a>\r\n                  <\/div>\r\n                <\/div>\r\n                <div data-colibri-id=\"4726-c21\" class=\"h-global-transition-all h-heading style-4146 style-local-4726-c21 position-relative h-element\">\r\n                  <!---->\r\n                  <div class=\"h-heading__outer style-4146 style-local-4726-c21\">\r\n                    <!---->\r\n                    <!---->\r\n                    <h4 class=\"\">Forma\u00e7\u00e3o\r\n                      <br>em Reiki<\/h4>\r\n                  <\/div>\r\n                <\/div>\r\n                <div data-colibri-id=\"4726-c22\" class=\"h-x-container style-4163 style-local-4726-c22 position-relative h-element\">\r\n                  <!---->\r\n                  <div class=\"h-x-container-inner style-dynamic-4726-c22-group style-4163-spacing style-local-4726-c22-spacing\"><span class=\"h-button__outer style-4164-outer style-local-4726-c23-outer d-inline-flex h-element\"><a h-use-smooth-scroll=\"true\" href=\"http:\/\/fabianexavier.com.br\/index.php\/cursos\/curso-de-reiki\/\" target=\"_blank\" data-colibri-id=\"4726-c23\" class=\"d-flex w-100 align-items-center h-button justify-content-lg-center justify-content-md-center justify-content-center style-4164 style-local-4726-c23 position-relative\" rel=\"noopener\"><!----><!----> <span>Conhe\u00e7a o curso<\/span><\/a>\r\n                    <\/span>\r\n                  <\/div>\r\n                <\/div>\r\n              <\/div>\r\n            <\/div>\r\n          <\/div>\r\n          <div class=\"h-column h-column-container d-flex h-col-lg-4 h-col-md-6 h-col-12 style-4154-outer style-local-4726-c24-outer\">\r\n            <div data-colibri-id=\"4726-c24\" class=\"d-flex h-flex-basis h-column__inner h-px-lg-0 h-px-md-0 h-px-0 v-inner-lg-0 v-inner-md-0 v-inner-0 style-4154 style-local-4726-c24 position-relative\">\r\n              <!---->\r\n              <!---->\r\n              <div class=\"w-100 h-y-container h-column__content h-column__v-align flex-basis-100 align-self-lg-start align-self-md-start align-self-start\">\r\n                <!---->\r\n                <div data-colibri-id=\"4726-c25\" class=\"d-block style-4145 style-local-4726-c25 position-relative h-element\">\r\n                  <!---->\r\n                  <div class=\"h-image__frame-container-outer\">\r\n                    <a href=\"http:\/\/fabianexavier.com.br\/index.php\/cursos\/mini-curso-karma-transmutation-technique\/\" target=\"_blank\" h-use-smooth-scroll=\"true\" class=\"image-link\" rel=\"noopener\">\r\n                      <div class=\"h-image__frame-container\">\r\n                        <!---->\r\n                        <!---->\r\n                        <img loading=\"lazy\" decoding=\"async\" width=\"768\" height=\"672\" src=\"http:\/\/fabianexavier.com.br\/wp-content\/uploads\/2023\/04\/2023_curso-karma.jpg\" class=\"wp-image-8058 style-4145-image style-local-4726-c25-image\" alt=\"\" srcset=\"http:\/\/fabianexavier.com.br\/wp-content\/uploads\/2023\/04\/2023_curso-karma.jpg 768w, http:\/\/fabianexavier.com.br\/wp-content\/uploads\/2023\/04\/2023_curso-karma-300x263.jpg 300w\" sizes=\"auto, (max-width: 768px) 100vw, 768px\" \/>\r\n                        <div class=\"h-image__frame h-hide-lg h-hide-md h-hide-sm style-4145-frameImage style-local-4726-c25-frameImage\"><\/div>\r\n                      <\/div>\r\n                    <\/a>\r\n                  <\/div>\r\n                <\/div>\r\n                <div data-colibri-id=\"4726-c26\" class=\"h-global-transition-all h-heading style-4146 style-local-4726-c26 position-relative h-element\">\r\n                  <!---->\r\n                  <div class=\"h-heading__outer style-4146 style-local-4726-c26\">\r\n                    <!---->\r\n                    <!---->\r\n                    <h4 class=\"\">Karma Transmutation\r\n                      <br>Technique<\/h4>\r\n                  <\/div>\r\n                <\/div>\r\n                <div data-colibri-id=\"4726-c27\" class=\"h-x-container style-4163 style-local-4726-c27 position-relative h-element\">\r\n                  <!---->\r\n                  <div class=\"h-x-container-inner style-dynamic-4726-c27-group style-4163-spacing style-local-4726-c27-spacing\"><span class=\"h-button__outer style-4164-outer style-local-4726-c28-outer d-inline-flex h-element\"><a h-use-smooth-scroll=\"true\" href=\"http:\/\/fabianexavier.com.br\/index.php\/cursos\/mini-curso-karma-transmutation-technique\/\" target=\"_blank\" data-colibri-id=\"4726-c28\" class=\"d-flex w-100 align-items-center h-button justify-content-lg-center justify-content-md-center justify-content-center style-4164 style-local-4726-c28 position-relative\" rel=\"noopener\"><!----><!----> <span>Conhe\u00e7a o curso<\/span><\/a>\r\n                    <\/span>\r\n                  <\/div>\r\n                <\/div>\r\n              <\/div>\r\n            <\/div>\r\n          <\/div>\r\n          <div class=\"h-column h-column-container d-flex h-col-lg-4 h-col-md-6 h-col-12 style-4154-outer style-local-4726-c29-outer\">\r\n            <div data-colibri-id=\"4726-c29\" class=\"d-flex h-flex-basis h-column__inner h-px-lg-0 h-px-md-0 h-px-0 v-inner-lg-0 v-inner-md-0 v-inner-0 style-4154 style-local-4726-c29 position-relative\">\r\n              <!---->\r\n              <!---->\r\n              <div class=\"w-100 h-y-container h-column__content h-column__v-align flex-basis-100 align-self-lg-start align-self-md-start align-self-start\">\r\n                <!---->\r\n                <div data-colibri-id=\"4726-c30\" class=\"d-block style-4145 style-local-4726-c30 position-relative h-element\">\r\n                  <!---->\r\n                  <div class=\"h-image__frame-container-outer\">\r\n                    <div class=\"h-image__frame-container\">\r\n                      <!---->\r\n                      <!---->\r\n                      <img loading=\"lazy\" decoding=\"async\" width=\"768\" height=\"672\" src=\"http:\/\/fabianexavier.com.br\/wp-content\/uploads\/2023\/04\/2023_cursos_constelacao.jpg\" class=\"wp-image-8061 style-4145-image style-local-4726-c30-image\" alt=\"\" srcset=\"http:\/\/fabianexavier.com.br\/wp-content\/uploads\/2023\/04\/2023_cursos_constelacao.jpg 768w, http:\/\/fabianexavier.com.br\/wp-content\/uploads\/2023\/04\/2023_cursos_constelacao-300x263.jpg 300w\" sizes=\"auto, (max-width: 768px) 100vw, 768px\" \/>\r\n                      <div class=\"h-image__frame h-hide-lg h-hide-md h-hide-sm style-4145-frameImage style-local-4726-c30-frameImage\"><\/div>\r\n                    <\/div>\r\n                  <\/div>\r\n                <\/div>\r\n                <div data-colibri-id=\"4726-c31\" class=\"h-global-transition-all h-heading style-4146 style-local-4726-c31 position-relative h-element\">\r\n                  <!---->\r\n                  <div class=\"h-heading__outer style-4146 style-local-4726-c31\">\r\n                    <!---->\r\n                    <!---->\r\n                    <h4 class=\"\">Forma\u00e7\u00e3o em\r\n                      <br>Constela\u00e7\u00e3o Familiar<\/h4>\r\n                  <\/div>\r\n                <\/div>\r\n                <div data-colibri-id=\"4726-c32\" class=\"h-x-container style-4163 style-local-4726-c32 position-relative h-element\">\r\n                  <!---->\r\n                  <div class=\"h-x-container-inner style-dynamic-4726-c32-group style-4163-spacing style-local-4726-c32-spacing\"><span class=\"h-button__outer style-4165-outer style-local-4726-c33-outer d-inline-flex h-element\"><a h-use-smooth-scroll=\"true\" href=\"http:\/\/fabianexavier.com.br\/index.php\/cursos\/curso-formacao-em-constelacao-familiar\/\"  data-colibri-id=\"4726-c33\" class=\"d-flex w-100 align-items-center h-button justify-content-lg-center justify-content-md-center justify-content-center style-4165 style-local-4726-c33 position-relative\"><!----><!----> <span>Conhe\u00e7a o Curso<\/span><\/a>\r\n                    <\/span>\r\n                  <\/div>\r\n                <\/div>\r\n              <\/div>\r\n            <\/div>\r\n          <\/div>\r\n        <\/div>\r\n      <\/div>\r\n    <\/div>\r\n  <\/div>\r\n<\/div>","protected":false},"excerpt":{"rendered":"<p>Confira a lista de cursos com inscri\u00e7\u00f5es abertas: Divine Abundance Conhe\u00e7a o curso T\u00e9cnica de Abund\u00e2ncia Arqu\u00e9tipo do Rei Salom\u00e3o Conhe\u00e7a o curso Forma\u00e7\u00e3o em Terapeuta do Refinamento Divino Conhe\u00e7a o curso Forma\u00e7\u00e3o em Reiki Conhe\u00e7a o curso Karma Transmutation Technique Conhe\u00e7a o curso Forma\u00e7\u00e3o em Constela\u00e7\u00e3o Familiar Conhe\u00e7a o Curso<\/p>\n","protected":false},"author":1,"featured_media":0,"parent":0,"menu_order":0,"comment_status":"closed","ping_status":"closed","template":"page-templates\/full-width-page.php","meta":{"footnotes":""},"class_list":["post-4726","page","type-page","status-publish","hentry"],"_links":{"self":[{"href":"http:\/\/fabianexavier.com.br\/index.php\/wp-json\/wp\/v2\/pages\/4726","targetHints":{"allow":["GET"]}}],"collection":[{"href":"http:\/\/fabianexavier.com.br\/index.php\/wp-json\/wp\/v2\/pages"}],"about":[{"href":"http:\/\/fabianexavier.com.br\/index.php\/wp-json\/wp\/v2\/types\/page"}],"author":[{"embeddable":true,"href":"http:\/\/fabianexavier.com.br\/index.php\/wp-json\/wp\/v2\/users\/1"}],"replies":[{"embeddable":true,"href":"http:\/\/fabianexavier.com.br\/index.php\/wp-json\/wp\/v2\/comments?post=4726"}],"version-history":[{"count":20,"href":"http:\/\/fabianexavier.com.br\/index.php\/wp-json\/wp\/v2\/pages\/4726\/revisions"}],"predecessor-version":[{"id":8530,"href":"http:\/\/fabianexavier.com.br\/index.php\/wp-json\/wp\/v2\/pages\/4726\/revisions\/8530"}],"wp:attachment":[{"href":"http:\/\/fabianexavier.com.br\/index.php\/wp-json\/wp\/v2\/media?parent=4726"}],"curies":[{"name":"wp","href":"https:\/\/api.w.org\/{rel}","templated":true}]}}